3 prime?
False
Is 2869742321 a prime number?
True
Is 1136287421 prime?
False
Is 8534899129 prime?
True
Is 250462163 composite?
True
Is 228033961 composite?
True
Is 431227877 prime?
True
Is 7474693 prime?
True
Is 981311021 composite?
False
Is 2510452111 a composite number?
False
Is 48019404847 a prime number?
False
Is 1349207143 prime?
True
Is 16670240399 a prime number?
True
Is 30532481849 composite?
False
Is 29696869 a composite number?
True
Is 2329173191 composite?
False
Is 121297771811 prime?
True
Is 26612814317 a prime number?
True
Is 1270335445 a composite number?
True
Is 3320794187 a composite number?
True
Is 55400319977 prime?
True
Is 4771742201 a composite number?
True
Is 78871763 prime?
True
Is 7254522439 a composite number?
True
Is 378142073 composite?
False
Is 2216710409 a composite number?
False
Is 9519776753 a composite number?
True
Is 28609587217 a composite number?
False
Is 936437767 prime?
True
Is 10903725179 composite?
False
Is 16122098981 a composite number?
True
Is 14968356893 a composite number?
True
Is 6557147621 prime?
False
Is 1481489843 a composite number?
True
Is 5808408211 composite?
True
Is 18280397 prime?
True
Is 12779485373 composite?
True
Is 53710351 composite?
True
Is 22664502541 a prime number?
True
Is 389484061 a prime number?
False
Is 7055493749 prime?
False
Is 172823584871 a prime number?
False
Is 259775261 composite?
True
Is 4613606194 prime?
False
Is 1583466667 a composite number?
False
Is 259932869 composite?
True
Is 13267379677 prime?
True
Is 79465129 a prime number?
True
Is 518389793 a composite number?
True
Is 105207049 a prime number?
True
Is 1004944111 a prime number?
True
Is 13734018371 prime?
True
Is 256369591 a prime number?
True
Is 16447556837 a prime number?
True
Is 368463373 a prime number?
False
Is 85870501 a composite number?
False
Is 11351691983 a prime number?
True
Is 8089483 a composite number?
False
Is 74577117019 a prime number?
True
Is 27312899459 prime?
True
Is 1140683483 a composite number?
False
Is 1862337887 composite?
True
Is 30646888171 composite?
True
Is 22973957345 a composite number?
True
Is 423217987 prime?
False
Is 1417291289 a composite number?
False
Is 18614688119 composite?
False
Is 157975859 a composite number?
False
Is 88403573 a prime number?
True
Is 125531937043 prime?
False
Is 90549559493 composite?
True
Is 3042942647 prime?
True
Is 593560909 prime?
False
Is 326020957 prime?
True
Is 1800612179 a prime number?
False
Is 175691743 composite?
True
Is 10319182661 prime?
False
Is 35588777435 a composite number?
True
Is 42428629 a composite number?
True
Is 1035726641 a prime number?
False
Is 368776477 a composite number?
False
Is 3233964347 prime?
False
Is 1942984019 composite?
False
Is 70252917827 a prime number?
False
Is 2387339311 prime?
False
Is 24534173581 prime?
True
Is 7275363977 a prime number?
False
Is 164945749 prime?
True
Is 215954030951 prime?
False
Is 15562055869 a prime number?
False
Is 984027943 a prime number?
False
Is 7424403871 a composite number?
True
Is 39665583427 composite?
True
Is 97705695523 prime?
True
Is 11462632087 prime?
False
Is 2990591531 a prime number?
False
Is 88755019 composite?
True
Is 12679280869 prime?
True
Is 909646979 a composite number?
False
Is 1349300891 composite?
False
Is 1797853517 prime?
False
Is 8224302353 a composite number?
True
Is 37284809 a composite number?
True
Is 2245988411 prime?
False
Is 3997262527 a composite number?
False
Is 403056707 a composite number?
True
Is 2320917667 a prime number?
True
Is 20667138809 a composite number?
False
Is 3312225529 a prime number?
True
Is 2827645763 composite?
False
Is 832498649 a prime number?
True
Is 80436913 a composite number?
True
Is 461360771 composite?
True
Is 1330829501 prime?
False
Is 116064409 a composite number?
True
Is 162119777 composite?
False
Is 16806645929 a composite number?
False
Is 20956240421 a prime number?
True
Is 541028981 prime?
True
Is 492901529 a composite number?
False
Is 7979670781 a prime number?
False
Is 5779430639 prime?
False
Is 20531140405 a prime number?
False
Is 1061945531 composite?
True
Is 5672817361 a composite number?
False
Is 15656632421 composite?
True
Is 244885997 a composite number?
False
Is 593899939 a prime number?
False
Is 29836739 composite?
False
Is 15174877 prime?
True
Is 73301641507 prime?
True
Is 11650680343 a prime number?
True
Is 18350339923 a composite number?
False
Is 29763344557 a composite number?
True
Is 3569923579 a composite number?
True
Is 21931126249 prime?
False
Is 23517450031 prime?
True
Is 435290197 a prime number?
True
Is 63223366861 a prime number?
True
Is 1350528853 a composite number?
False
Is 9859593509 prime?
False
Is 477639917 a prime number?
False
Is 24174341131 prime?
True
Is 7649490169 prime?
True
Is 296438501 prime?
True
Is 312810899 a prime number?
False
Is 3805208051 a prime number?
True
Is 23242718077 a composite number?
True
Is 9605841047 composite?
True
Is 27847387 a composite number?
False
Is 3371007407 a prime number?
False
Is 914153531 a prime number?
False
Is 107672966197 a composite number?
False
Is 3995872945 a composite number?
True
Is 37612283 composite?
False
Is 584972813 composite?
True
Is 12700461491 composite?
False
Is 27820112279 a prime number?
False
Is 4528660861 a prime number?
True
Is 265666573 composite?
False
Is 2726675759 prime?
True
Is 5863497049 a composite number?
True
Is 2100945437 a prime number?
True
Is 5265774411 composite?
True
Is 1047336523 prime?
True
Is 215795898037 composite?
False
Is 3586775771 a composite number?
True
Is 253613070155 a prime number?
False
Is 117409753 composite?
False
Is 610087699 a composite number?
True
Is 1273719557 prime?
False
Is 4951462049 a composite number?
True
Is 1534844477 a prime number?
True
Is 4039388597 prime?
True
Is 334789373 a composite number?
False
Is 5008416979 composite?
False
Is 4111876042 composite?
True
Is 71605207193 prime?
False
Is 12316429 a prime number?
True
Is 9121722211 composite?
True
Is 25670093 a prime number?
False
Is 6137957071 a prime number?
True
Is 239929541 composite?
False
Is 13097324111 prime?
True
Is 1295191543 composite?
True
Is 23601709562 prime?
False
Is 36177275891 a prime number?
True
Is 1074484531 prime?
False
Is 3158345909 prime?
True
Is 5937892397 composite?
True
Is 1081967773 a composite number?
False
Is 17010357361 a composite number?
False
Is 301190322021 composite?
True
Is 1256379391 a prime number?
True
Is 647924507 a prime number?
True
Is 273132673 prime?
False
Is 3959087557 a prime number?
True
Is 4258832317 prime?
True
Is 679972529 composite?
True
Is 495635707 a composite number?
True
Is 1013637871 composite?
True
Is 31589232937 a prime number?
True
Is 621475777 a prime number?
False
Is 215248127 composite?
False
Is 21494101307 a composite number?
True
Is 745379321 composite?
False
Is 230870351 composite?
False
Is 161592619 composite?
False
Is 14574319777 prime?
True
Is 32159516383 composite?
False
Is 7474126589 a composite number?
False
Is 3094007457 a composite number?
True
Is 31703324957 prime?
False
Is 2480552899 a prime number?
False
Is 110309561 a composite number?
False
Is 348665495179 a prime number?
True
Is 4678106449 prime?
True
Is 17759599873 composite?
True
Is 29251214273 a composite number?
False
Is 85832501 a prime number?
False
Is 20102532349 composite?
True
Is 60072633571 a prime number?
False
Is 2390700427 a prime number?
False
Is 14882754917 a composite number?
False
Is 4512369971 composite?
True
Is 1207997387 a composite number?
False
Is 51544097331 a composite number?
True
Is 1662051659 a composite number?
False
Is 9740167243 a prime number?
True
Is 74583357923 prime?
True
Is 2717813711 a prime number?
True
Is 43207870813 prime?
True
Is 238704491 prime?
False
Is 389299044811 a composite number?
False
Is 28066579 a prime number?
True
Is 209355245857 a composite number?
True
Is 110919947 composite?
False
Is 150546659719 a composite number?
True
Is 99023179 composite?
False
Is 12126253385 prime?
False
Is 82816310729 a composite number?
False
Is 433012757 composite?
False
Is 2221793 a prime number?
False
Is 149508581 a composite number?
False
Is 160586247581 prime?
True
Is 3748800287 prime?
True
Is 12088751951 a composite number?
False
Is 10178533223 a prime number?
True
Is 599